 6052567
What are the prime factors of 8598126?
2, 3, 1433021
List the prime factors of 1825448.
2, 228181
List the prime factors of 1536338.
2, 768169
List the prime factors of 172684.
2, 23, 1877
List the prime factors of 177643.
401, 443
List the prime factors of 1167502.
2, 7, 89, 937
What are the prime factors of 306797?
23, 13339
What are the prime factors of 998579?
643, 1553
List the prime factors of 33746.
2, 47, 359
List the prime factors of 1794161.
23, 78007
List the prime factors of 24391.
24391
What are the prime factors of 174485?
5, 34897
List the prime factors of 216608.
2, 7, 967
List the prime factors of 3379605.
3, 5, 225307
What are the prime factors of 28936?
2, 3617
What are the prime factors of 326436?
2, 3, 11, 2473
What are the prime factors of 9729549?
3, 1081061
List the prime factors of 34551550.
2, 5, 11, 5711
What are the prime factors of 2878019?
557, 5167
List the prime factors of 588023.
89, 6607
What are the prime factors of 1088514?
2, 3, 7, 53, 163
What are the prime factors of 1489359?
3, 496453
What are the prime factors of 593137?
29, 113, 181
What are the prime factors of 574771?
31, 18541
List the prime factors of 1115735.
5, 37, 163
List the prime factors of 1757111.
31, 56681
What are the prime factors of 2450156?
2, 149, 4111
What are the prime factors of 7391362?
2, 11, 17, 19763
What are the prime factors of 4620735?
3, 5, 7, 14669
What are the prime factors of 7439557?
17, 23, 53, 359
List the prime factors of 919813.
43, 21391
List the prime factors of 10077923.
17, 19, 41, 761
What are the prime factors of 1838330?
2, 5, 13, 79, 179
What are the prime factors of 1338518?
2, 31, 21589
What are the prime factors of 25459?
7, 3637
List the prime factors of 956144.
2, 7, 8537
What are the prime factors of 1521420?
2, 3, 5, 25357
What are the prime factors of 117050?
2, 5, 2341
List the prime factors of 467804.
2, 107, 1093
What are the prime factors of 8469804?
2, 3, 7, 59, 1709
What are the prime factors of 4542366?
2, 3, 17, 44533
What are the prime factors of 6328736?
2, 197773
List the prime factors of 9563172.
2, 3, 796931
List the prime factors of 10733756.
2, 11, 89, 2741
List the prime factors of 21380660.
2, 5, 7, 21817
What are the prime factors of 48606?
2, 3, 8101
List the prime factors of 35823169.
929, 38561
List the prime factors of 919331.
7, 61, 2153
List the prime factors of 4921891.
13, 17, 22271
List the prime factors of 158450.
2, 5, 3169
What are the prime factors of 2940886?
2, 13, 113111
List the prime factors of 9499457.
11, 769, 1123
List the prime factors of 654428.
2, 47, 59
What are the prime factors of 10151?
10151
List the prime factors of 360683.
293, 1231
What are the prime factors of 5613628?
2, 1403407
What are the prime factors of 148551?
3, 13, 293
What are the prime factors of 1740808?
2, 167, 1303
What are the prime factors of 14732825?
5, 433, 1361
What are the prime factors of 18504?
2, 3, 257
What are the prime factors of 16746598?
2, 11, 17, 44777
List the prime factors of 2562780.
2, 3, 5, 11, 353
What are the prime factors of 109433?
109433
What are the prime factors of 2324983?
1429, 1627
List the prime factors of 603201.
3, 67, 3001
What are the prime factors of 122873?
19, 29, 223
List the prime factors of 10223556.
2, 3, 7, 17387
What are the prime factors of 2267371?
31, 73141
What are the prime factors of 219432?
2, 3, 41, 223
List the prime factors of 1087530.
2, 3, 5, 36251
List the prime factors of 582887.
582887
What are the prime factors of 4498777?
23, 195599
What are the prime factors of 30758538?
2, 3, 131, 39133
List the prime factors of 293938.
2, 47, 53, 59
What are the prime factors of 1787632?
2, 7, 11, 1451
What are the prime factors of 638737?
11, 58067
What are the prime factors of 183238?
2, 11, 8329
List the prime factors of 201530.
2, 5, 7, 2879
What are the prime factors of 378501?
3, 71, 1777
List the prime factors of 18246381.
3, 61, 99707
What are the prime factors of 12669984?
2, 3, 29, 37, 41
What are the prime factors of 5749640?
2, 5, 13, 11057
What are the prime factors of 1559241?
3, 173249
List the prime factors of 1878202.
2, 503, 1867
List the prime factors of 6189947.
47, 131701
List the prime factors of 1242320.
2, 5, 53, 293
List the prime factors of 4781448.
2, 3, 7, 53, 179
List the prime factors of 17906101.
1789, 10009
List the prime factors of 621626.
2, 67, 4639
What are the prime factors of 1637624?
2, 277, 739
What are the prime factors of 1195111?
359, 3329
What are the prime factors of 1411711?
7, 201673
List the prime factors of 7715733.
3, 2571911
List the prime factors of 183565.
5, 36713
List the prime factors of 4492406.
2, 23, 61, 1601
List the prime factors of 474478.
2, 59, 4021
List the prime factors of 23718645.
3, 5, 527081
List the prime factors of 6073377.
3, 487, 4157
What are the prime factors of 1799543?
23, 78241
What are the prime factors of 223979?
7, 653
List the prime factors of 130836.
2, 3, 10903
List the prime factors of 1981951.
61, 32491
List the prime factors of 244813.
244813
What are the prime factors of 920102?
2, 460051
List the prime factors of 1081370.
2, 5, 17, 6361
What are the prime factors of 14640?
2, 3, 5, 61
What are the prime factors of 4597758?
2, 3, 11, 2111
List the prime factors of 41127.
3, 13709
List the prime factors of 182990.
2, 5, 29, 631
List the prime factors of 2736479.
59, 46381
List the prime factors of 4522747.
4522747
What are the prime factors of 2061881?
23, 157, 571
List the prime factors of 1597483.
41, 47, 829
List the prime factors of 4290907.
1471, 2917
What are the prime factors of 355505?
5, 97, 733
What are the prime factors of 5674894?
2, 29, 97843
What are the prime factors of 14626543?
131, 111653
What are the prime factors of 9952283?
11, 71, 12743
List the prime factors of 443823.
3, 239, 619
List the prime factors of 5110116.
2, 3, 11, 38713
What are the prime factors of 2104339?
23, 91493
What are the prime factors of 4771724?
2, 829, 1439
What are the prime factors of 583057?
127, 4591
List the prime factors of 392713.
499, 787
What are the prime factors of 2094808?
2, 17, 73, 211
What are the prime factors of 6355419?
3, 7, 67, 4517
What are the prime factors of 3249493?
13, 181, 1381
What are the prime factors of 1504298?
2, 752149
What are the prime factors of 5109242?
2, 2554621
List the prime factors of 669266.
2, 13, 25741
List the prime factors of 145006.
2, 72503
What are the prime factors of 2040887?
67, 83, 367
What are the prime factors of 411082?
2, 7, 29363
What are the prime factors of 1810576?
2, 113161
List the prime factors of 689547.
3, 229849
What are the prime factors of 5431922?
2, 2715961
What are the prime factors of 497405?
5, 53, 1877
What are the prime factors of 292056?
2, 3, 43, 283
What are the prime factors of 1389470?
2, 5, 19, 71, 103
What are the prime factors of 709715?
5, 43, 3301
What are the prime factors of 272992?
2, 19, 449
List the prime factors of 1663065.
3, 5, 97, 127
What are the prime factors of 227276?
2, 7, 8117
List the prime factors of 388051.
388051
List the prime factors of 791073.
3, 83, 353
List the prime factors of 2094337.
7, 299191
What are the prime factors of 1110284?
2, 7, 19, 2087
List the prime factors of 199704.
2, 3, 53, 157
List the prime factors of 82539.
3, 1019
List the prime factors of 29229.
3, 9743
List the prime factors of 40428.
2, 3, 1123
What are the prime factors of 103072?
2, 3221
List the prime factors of 4648834.
2, 79, 29423
What are the prime factors of 6104337?
3, 2034779
What are the prime factors of 7441319?
7441319
What are the prime factors of 617793?
3, 11, 97, 193
What are the prime factors of 308022?
2, 3, 11, 13, 359
What are the prime factors of 182176?
2, 5693
What are the prime factors of 87518?
2, 43759
List the prime factors of 364746.
2, 3, 31, 37, 53
List the prime factors of 462714.
2, 3, 7, 23, 479
What are the prime factors of 260725?
5, 10429
List the prime factors of 4727897.
37, 127781
What are the prime factors of 399493?
399493
What are the prime factors of 544054?
2, 7, 38861
List the prime factors of 2924.
2, 17, 43
List the prime factors of 313963.
13, 24151
List the prime factors of 98156.
2, 53, 463
What are the prim